/(3/(-252)). Let b = u - 13. What is the units digit of b?
5
Let d = 90 + 97. What is the tens digit of d?
8
Suppose -5*k + 6*k = 1046. What is the units digit of (-8)/(-28) + k/14?
5
Suppose -3*n = -6*n + 15. Suppose 0 = -5*c - n*b - 95, 2*c + 14 + 4 = 3*b. Let l = 7 - c. What is the units digit of l?
2
Suppose -3*b + 10 = -2*c, -2*b = 2*b + 2*c - 4. Suppose -4*p + 548 = 4*v - 2*p, 3*v - b*p - 411 = 0. What is the units digit of v?
7
Suppose 2*r - 12 = r - 5*s, 3*r - 4 = s. Let d(l) = -3*l + 8. Let c be d(2). Suppose -5*h = c*i + r*i - 332, -338 = -5*h - i. What is the tens digit of h?
6
Let n = 329 + -219. What is the tens digit of n?
1
What is the tens digit of 5/(-1) + 8 + (730 - 1)?
3
Let v = -346 - -537. What is the hundreds digit of v?
1
Suppose -6682 = -7*y + 19260. What is the thousands digit of y?
3
Suppose -4*v - 2*f + 188 = 0, -5*v + 3*f = -2*f - 250. What is the tens digit of v?
4
Let u be -3 + 4 + (-2)/(-1). Let n be 1/(-2 - (-27)/13). Suppose -4*v = -5*p + 76, u*v - 22 = -2*p + n. What is the tens digit of p?
1
Let y = 104 - 105. Let n = -1 + 2. What is the units digit of n/(y*(-3)/6)?
2
Suppose 4307 = 5*p - 4*l, -3*p - p + 3*l + 3446 = 0. What is the units digit of p?
3
Suppose -8*z + 4*z = 4*j + 40, 2*j = 5*z - 20. Let v be 537/(-15) - (-2)/j. Let f = v + 56. What is the units digit of f?
0
Suppose 4*r - 39 = 41. Let k = -6 + -4. Let p = r + k. What is the tens digit of p?
1
Suppose 5294 = 7*l - 4324. What is the hundreds digit of l?
3
Suppose 3*j = -z + 2*z + 3, 3*j - 15 = -z. Suppose 0 = z*p - 2*p - 20. Suppose 0 = -3*b - p + 26. What is the units digit of b?
7
Suppose 5*r + 504 = r. Let p be ((-2)/4)/(7/r). Suppose -z + 21 = -p. What is the units digit of z?
0
Suppose 4*u - 940 = -22*h + 27*h, 0 = u - 4*h - 224. What is the units digit of u?
0
Let p be 4 - -1*(0 - -1). Let u(q) = 4*q**2 - 10*q. Let r be u(p). Let t = r + -24. What is the tens digit of t?
2
Let n(z) = z**2 + 13*z + 14. Let u be n(-12). Let q be (-105)/(-9) - u/(-6). Suppose -4*y + 44 = 3*w, -4*w - q + 44 = 2*y. What is the units digit of y?
8
Let r = 3 - -1. Suppose -2*k = -4*y + 758, -2*k - k - 9 = 0. Suppose 0*v = r*v - y. What is the units digit of v?
7
Let b = -234 - -722. What is the hundreds digit of b?
4
Let i(d) = d**3 - 11*d**2 + 14*d + 10. Let t be i(9). Let u = 140 + t. What is the hundreds digit of u?
1
Suppose 2*t + 5*x = 43, -4*t - 3*x + 0*x + 79 = 0. Suppose 5*g + 2*b - t = -0*b, 12 = 3*g + b. Suppose 0*m - g*m + 200 = 0. What is the units digit of m?
0
Let r = 989 + -147. What is the units digit of r?
2
Suppose 625 = 2*z + 3*l - 505, 4*l = -4*z + 2264. What is the tens digit of z?
6
Let k = -432 - -863. What is the units digit of k?
1
Let f(q) = q - 8. Let j be f(10). Suppose c - j = 6. Suppose 4*l + c = 6*l. What is the units digit of l?
4
Let z(i) = -53*i + 355. Let v be z(6). Let h = 0 + 5. Suppose 18 = n - h*g - v, 45 = 2*n + 3*g. What is the tens digit of n?
3
Suppose -72*v = -67*v - c - 6105, -5*c - 6105 = -5*v. What is the hundreds digit of v?
2
Let t(g) = -g**2 - 7*g - 9. Let x be t(-10). Let s be 2/3 - 325/x. What is the units digit of -2*s/6 - -18?
5
Suppose -38*z = 53*z - 189462. What is the hundreds digit of z?
0
What is the units digit of 23365/11 - 2/22?
4
Suppose -4 = 3*l + 5. Let j be -24 - ((4 - 2) + l). Let q = j + 32. What is the units digit of q?
9
What is the tens digit of 8/6 + 4460/30?
5
Let w = 170 - 32. Let f = w + -12. What is the hundreds digit of f?
1
Let s be 4/(15/5 + -1). Suppose 3*n = -s*n + 150. What is the tens digit of n?
3
Suppose -35*v - 35712 = -99*v. What is the units digit of v?
8
Suppose q = 2*w - 0*q - 8, 0 = -5*w - 5*q + 20. Suppose 0 = w*r + r. Let m = 4 - r. What is the units digit of m?
4
Suppose 2*u = 1024 + 256. What is the units digit of u?
0
Suppose 0 = 3*f - 4*f - 3*a - 5, -8 = 3*f + 2*a. Let b = 2 + f. Suppose -5*y = 0, b = l + 3*l - y - 96. What is the tens digit of l?
2
Let w = 1923 + -1176. What is the units digit of w?
7
Let p be -35 - -37 - (124 + (-1)/1). Let w = p + 342. What is the hundreds digit of w?
2
Let s(c) = 3*c**2 - 5*c + 14. Let x(m) = -2*m**2 + 4*m - 15. Let o(b) = 3*s(b) + 4*x(b). What is the tens digit of o(-6)?
1
Suppose 3271 = 2*v - i, -4*v - 5*i + 6537 = -2*i. What is the units digit of v?
5
Let d = 127 + -60. Let w = d - 39. What is the units digit of w?
8
What is the units digit of 69/161 - (-47252)/28?
8
Let a be (-12)/10*10/(-3). Let i(s) = -s + a*s - s**2 + 5*s**2 - s**3. What is the tens digit of i(4)?
1
What is the hundreds digit of (0 - (-4)/(-16))*-8 + 161?
1
What is the hundreds digit of (-560898)/(-162) - (1/3 - 0)?
4
Let z = 166 + -167. Let x(r) = r**3 + 6*r**2 - 7*r - 1. Let t be x(-7). What is the units digit of z/(t + -1 + 1)?
1
Suppose -4*s + j + 1359 = 0, -6*s = -4*s + j - 675. What is the units digit of s?
9
Suppose 3*v - 95 = 2*k + 171, 0 = -4*v - 3*k + 332. Suppose 5*q + v = 236. Suppose w - q = -0*w. What is the tens digit of w?
3
Let n = 4748 - 3066. What is the hundreds digit of n?
6
Suppose 0 = -7*k + 6*k + 17. Let q(f) = -k*f - 2 + 38*f + 4. What is the units digit of q(2)?
4
Let y = -12 - -17. Suppose -o + 4*u + 36 + 46 = 0, -o + 73 = y*u. What is the units digit of o?
8
Suppose -120 = -2*w + 134. Let h(x) = x**3 + 10*x**2 - 10*x + 15. Let i be h(-11). Suppose -i*n + w = -109. What is the tens digit of n?
5
Let m = 29 + -12. Let d be 512/14 + (-57)/(-133). Let p = d - m. What is the units digit of p?
0
Let o(q) = q. Let r be o(1). What is the tens digit of (3 + 28/r)*3?
9
Let s = 12 + -5. Let v(z) = -3*z**2 - 5*z + 4. Let j be v(s). What is the tens digit of (j - 2)/(-4) - 3?
4
Let x(r) = -r + 10. Let o be x(10). What is the units digit of (o + -15)*(-13 + 8)?
5
Let t be 4 - (-28*(-279)/(-6) - 4). Suppose t = 4*o - d + 476, 0 = o + d - 211. What is the tens digit of o?
0
Let r(a) = -a**3 - 20*a**2 + 12*a - 34. What is the hundreds digit of r(-21)?
1
What is the hundreds digit of ((-6)/(-4))/((-91629)/(-15270) - 6)?
5
Suppose -15*z + 17*z = 2. Suppose 5*i - 29 = 5*x + 11, 0 = -2*i + 3*x + 20. Suppose -2*a + 3*f + i = -z, 5*a + f = 4. What is the units digit of a?
1
Suppose 0 = -3*y + 471 + 147. Let p = y + -130. What is the units digit of p?
6
Let n = -5 - -8. Suppose -3*q - m + 6 = 0, 4*q + q - 10 = -n*m. Suppose -q*f = -2*a - 6 - 2, -4*f + 3*a + 18 = 0. What is the units digit of f?
6
Let t(s) = 2*s + 18. Let b be t(-7). Suppose -b*i - 133 + 517 = 0. What is the tens digit of i?
9
Let d(c) = 4*c + 2. Let a be d(-2). Let m = 16 + a. What is the tens digit of (-4)/10 - (-194)/m?
1
Suppose 30*l - 27*l + 408 = 0. Let r = l + 353. What is the hundreds digit of r?
2
Let a(q) = -q + 1. Let p(r) = -11*r + 6. Let v(y) = 3*a(y) - p(y). What is the units digit of v(9)?
9
What is the tens digit of -3*((-3206)/3)/2 - 1?
0
Suppose 1189*r = 1190*r - 2393. What is the tens digit of r?
9
Suppose -5*m = 25, -4*v + 10*m - 12*m + 1118 = 0. What is the units digit of v?
2
What is the tens digit of 80 - (4 + -7 - 3)?
8
Suppose a - 3*n + 15 = 0, -5*a + a - 74 = 2*n. Let y be 10/(-6)*a/6. Suppose -y*w + 94 = 3*z - 0*w, 3*z - 54 = 3*w. What is the units digit of z?
3
Let h(r) = 8*r**2 - 5*r - 8. Let s be h(4). Suppose -s = -4*z + 108. What is the tens digit of z?
5
Let a = -32 - -600. What is the hundreds digit of a?
5
Suppose -5*u = 3*k - 21, -3*u + k = 2*u - 13. Suppose -15 + 54 = u*z. Let g = z + -1. What is the tens digit of g?
1
Let l = 26 - 10. Let u(w) = -w**3 + 17*w**2 - 12*w - 7. What is the tens digit of u(l)?
5
Let a(t) = -t - t**3 - 3 + 2*t - t**2 - 3*t. Let c be (-63)/(-105) - (-13)/(-5). What is the units digit of a(c)?
5
Suppose -4*f = 8 - 16. Suppose -2*z - 6 = -4*b + f, 8 = 4*b + 5*z. Suppose 94 = 3*m - 5*v, 38 = m - b*v - 3*v. What is the tens digit of m?
2
Suppose 0 = -7*s + 9*s - 480. Let t = s - 103. What is the tens digit of t?
3
Let t = 714 + -597. What is the tens digit of t?
1
Let u(x) = -5*x**3 + 2*x**2 + 21*x + 8. Let n(g) = 14*g**3 - 7*g**2 - 62*g - 23. Let c(j) = -4*n(j) - 11*u(j). What is the units digit of c(8)?
2
Let p(j) = 338*j + 64. What is the thousands digit of p(6)?
2
Let p(k) = k**2 - 13*k - 2. Let x be p(14). Let q(b) = -b - 1. Let z be q(-5). What is the units digit of ((-2)/z)/(x/(-168))?
7
Let t(d) = -130*d**3 - d. Supp